 base 2.
-1101
Convert -2 (base 13) to base 8.
-2
Convert b7 (base 13) to base 5.
1100
Convert 1 (base 5) to base 8.
1
71 (base 16) to base 14
81
1212 (base 3) to base 6
122
What is 3 (base 5) in base 4?
3
-1 (base 6) to base 13
-1
Convert -1 (base 6) to base 13.
-1
What is -301 (base 4) in base 9?
-54
Convert -121 (base 5) to base 10.
-36
What is 8 (base 16) in base 6?
12
Convert -4 (base 11) to base 7.
-4
What is 11 (base 5) in base 7?
6
7 (base 10) to base 16
7
What is 3 (base 10) in base 13?
3
42 (base 10) to base 13
33
-22212 (base 3) to base 8
-357
What is -44 (base 14) in base 11?
-55
Convert -1 (base 4) to base 13.
-1
Convert 20 (base 11) to base 10.
22
235 (base 6) to base 13
74
What is -34 (base 6) in base 11?
-20
Convert -103 (base 10) to base 13.
-7c
41 (base 11) to base 4
231
4 (base 14) to base 4
10
What is 26 (base 8) in base 16?
16
What is -101 (base 3) in base 14?
-a
Convert 100100 (base 2) to base 16.
24
What is 3 (base 11) in base 10?
3
Convert -25 (base 13) to base 10.
-31
101101 (base 2) to base 15
30
0 (base 6) to base 12
0
-3 (base 11) to base 5
-3
What is 0 (base 10) in base 8?
0
What is -45 (base 8) in base 2?
-100101
9 (base 12) to base 6
13
What is 8 (base 12) in base 5?
13
14 (base 5) to base 16
9
5 (base 8) to base 5
10
What is -90 (base 16) in base 6?
-400
Convert 26 (base 12) to base 6.
50
4a (base 11) to base 8
66
What is -ad (base 14) in base 5?
-1103
Convert -155 (base 9) to base 14.
-95
Convert -14 (base 12) to base 3.
-121
Convert 17 (base 10) to base 4.
101
65 (base 7) to base 16
2f
Convert 0 (base 16) to base 5.
0
What is 5 (base 7) in base 11?
5
What is 67 (base 8) in base 12?
47
What is -21 (base 4) in base 7?
-12
Convert -12 (base 12) to base 2.
-1110
Convert 29 (base 14) to base 16.
25
-101110 (base 2) to base 6
-114
Convert -10 (base 5) to base 6.
-5
3 (base 14) to base 2
11
Convert -110 (base 2) to base 3.
-20
-65 (base 7) to base 4
-233
Convert -3f (base 16) to base 9.
-70
What is 1 (base 8) in base 13?
1
-2010 (base 3) to base 10
-57
Convert 10 (base 4) to base 5.
4
What is -5 (base 14) in base 4?
-11
What is 2 (base 12) in base 9?
2
Convert 53 (base 14) to base 12.
61
Convert 11 (base 2) to base 5.
3
Convert -7 (base 9) to base 6.
-11
What is 2 (base 16) in base 3?
2
-10 (base 7) to base 12
-7
What is -3 (base 15) in base 16?
-3
What is -10000 (base 2) in base 14?
-12
What is 1010 (base 2) in base 11?
a
1 (base 2) to base 10
1
-10 (base 7) to base 8
-7
What is 3 (base 14) in base 10?
3
287 (base 11) to base 15
177
3 (base 8) to base 3
10
What is -104 (base 11) in base 13?
-98
1231 (base 4) to base 6
301
What is -35 (base 6) in base 9?
-25
What is 32 (base 16) in base 2?
110010
5 (base 8) to base 9
5
What is a (base 15) in base 12?
a
What is -4 (base 9) in base 10?
-4
What is 53 (base 6) in base 12?
29
0 (base 15) to base 3
0
What is -22 (base 9) in base 8?
-24
What is -13 (base 9) in base 10?
-12
What is -3 (base 16) in base 5?
-3
Convert 11100001 (base 2) to base 4.
3201
-26 (base 10) to base 5
-101
Convert 70 (base 15) to base 10.
105
What is 175 (base 10) in base 13?
106
Convert 3 (base 12) to base 7.
3
246 (base 10) to base 4
3312
What is 120 (base 4) in base 5?
44
2 (base 4) to base 3
2
What is -3 (base 13) in base 10?
-3
Convert 3 (base 5) to base 3.
10
What is -1012 (base 3) in base 13?
-26
What is -102 (base 3) in base 10?
-11
Convert 13 (base 5) to base 6.
12
Convert 113 (base 4) to base 11.
21
Convert -22 (base 6) to base 3.
-112
What is -25 (base 6) in base 11?
-16
Convert 7b (base 13) to base 5.
402
What is -13 (base 7) in base 2?
-1010
Convert 162 (base 7) to base 16.
5d
Convert 10 (base 15) to base 16.
f
a (base 12) to base 7
13
-44 (base 13) to base 14
-40
Convert 21 (base 10) to base 11.
1a
Convert 0 (base 10) to base 12.
0
Convert 1 (base 10) to base 5.
1
What is b (base 14) in base 16?
b
-1 (base 15) to base 16
-1
2 (base 5) to base 4
2
-10 (base 3) to base 12
-3
Convert -2 (base 16) to base 6.
-2
-1 (base 14) to base 12
-1
11 (base 4) to base 16
5
Convert -2b (base 13) to base 9.
-41
1132 (base 4) to base 7
163
22 (base 7) to base 9
17
What is -56 (base 8) in base 10?
-46
What is 68 (base 9) in base 13?
4a
What is -5 (base 9) in base 5?
-10
Convert 14 (base 7) to base 12.
b
1 (base 13) to base 16
1
Convert -4 (base 11) to base 15.
-4
Convert -60 (base 13) to base 8.
-116
42 (base 16) to base 4
1002
4 (base 6) to base 15
4
Convert 22 (base 11) to base 16.
18
What is -9 (base 12) in base 9?
-10
Convert -101 (base 6) to base 15.
-27
30 (base 13) to base 9
43
220 (base 4) to base 9
44
Convert 34 (base 7) to base 13.
1c
-1 (base 4) to base 3
-1
16 (base 15) to base 11
1a
Convert -33 (base 5) to base 4.
-102
What is 10001 (base 3) in base 10?
82
Convert -1b (base 12) to base 10.
-23
4 (base 14) to base 15
4
What is 143 (base 9) in base 11?
aa
What is 10111011 (base 2) in base 10?
187
Convert a7 (base 13) to base 4.
2021
1 (base 5) to base 6
1
-2 (base 14) to base 3
-2
b3 (base 15) to base 8
250
-56 (base 11) to base 3
-2021
-10102 (base 3) to base 9
-112
What is -24 (base 10) in base 4?
-120
Convert 4 (base 12) to base 2.
100
What is f (base 16) in base 6?
23
Convert -101 (base 3) to base 10.
-10
What is 212 (base 4) in base 16?
26
What is -50 (base 8) in base 4?
-220
Convert -3 (base 7) to base 6.
-3
What is 14 (base 12) in base 10?
16
Convert 1a (base 11) to base 4.
111
-5 (base 14) to base 4
-11
What is 56 (base 12) in base 14?
4a
Convert -32 (base 9) to base 10.
-29
Convert -20 (base 3) to base 14.
-6
Convert 3 (base 13) to base 3.
10
Convert 3 (base 15) to base 16.
3
3 (base 8) to base 14
3
What is -29 (base 12) in base 2?
-100001
Convert -102 (base 6) to base 5.
-123
Convert -134 (base 9) to base 6.
-304
What is 34 (base 11) in base 16?
25
What is -9 (base 12) in base 16?
-9
Convert -30 (base 10) to base 12.
-26
Convert 1 (base 9) to base 3.
1
What is -9 (base 15) in base 4?
-21
Convert 6 (base 8) to base 7.
6
101 (base 3) to base 9
11
-10 (base 3) to base 6
-3
164 (base 7) to base 8
137
-12 (base 8) to base 9
-11
11000 (base 2) to base 9
26
What is 1b7 (base 12) in base 10?
283
What is -5c (base 16) in base 4?
-1130
1 (base 13) to base 9
1
0 (base 7) to base 10
0
What is -1 (base 13) in base 15?
-1
Convert -20 (base 7) to base 15.
-e
What is -102 (base 3) in base 12?
-b
Convert 2 (base 14) to base 15.
2
-313 (base 5) to base 12
-6b
What is 10110 (base 2) in base 15?
17
What is 1 (base 14) in base 12?
1
Convert 12 (base 12) to base 8.
16
What is -19 (base 12) in base 4?
-111
Convert -41 (base 7) to base 9.
-32
Convert 159 (base 11) to base 2.
10111001
-2002 (base 3) to base 2
-111000
-ed (base 16) to base 5
-1422
Convert 2 (base 7) to base 14.
2
What is -1144 (base 5) in base 12?
-126
-12002 (base 3) to base 14
-9b
2 (base 3) to base 9
2
Convert 221 (base 7) to base 12.
95
Convert 0 (base 5) to base 10.
0
Convert -4 (base 15) to base 14.
-4
Convert 10 (base 10) to base 4.
22
-1 (base 11) to base 6
-1
What is 110 (base 2) in base 12?
6
15 (base 13) to base 9
20
Convert 13 (base 14) to base 10.
17
-28 (base 15) to base 16
-26
Convert -2 (base 6) to base 15.
-2
Convert 66 (base 7) to base 13.
39
-13 (base 9) to base 5
-22
Convert -2 (base 14) to base 2.
-10
Convert 4 (base 10) to base 15.
4
Convert 5 (base 11) to base 5.
10
What is 21 (base 4) in base 8?
11
Convert 0 (base 7) to base 4.
0
What is 3 (base 10) in base 11?
3
-2f (base 16) to base 2
-101111
1 (base 7) to base 4
1
Convert -3b (base 14) to base 9.
-58
What is -1 (base 9) in base 8?
-1
What is -c (base 13) in base 4?
-30
Convert -4 (base 16) to base 3.
-11
What is -4 (base 11) in base 3?
-11
What is -1 (base 9) in base 12?
-1
230 (base 6) to base 9
110
-120 (base 5) to base 12
-2b
5 (base 11) to base 12
5
What is -12 (base 4) in base 11?
-6
Convert -202 (base 5) to base 3.
-1221
-c6 (base 14) to base 2
-10101110
62 (base 15) to base 13
71
-6 (base 11) to base 4
-12
Convert -10111 (base 2) to base 9.
-25
Convert -220 (base 3) to base 6.
-40
What is 220 (base 3) in base 16?
18
9 (base 12) to base 7
12
What is -8 (base 11) in base 6?
-12
Convert 3 (base 4) to base 8.
3
What is -41 (base 5) in base 7?
-30
Convert -2e (base 15) to base 14.
-32
Convert 0 (base 15) to base 6.
0
Convert 35 (base 9) to base 15.
22
-56 (base 9